*u - g. Is u a composite number?
False
Let o be -2 - (-3 + -3)*156. Suppose -279 = -l + o. Is l a composite number?
False
Let f = -4553 - -8160. Is f a composite number?
False
Is 4/6*(-223461)/(-6) a prime number?
False
Suppose n + 4 = 0, q - 86 - 108 = -5*n. Suppose w + 11 = -u - 2*u, w = -u - 5. Is 3*u/(-3) + q composite?
True
Suppose -14*j + 11*j = -210. Suppose -5*p + j = -3*p. Is p prime?
False
Suppose 5*t + 3016 = 1236. Let x = 990 + t. Is x composite?
True
Let o(v) be the second derivative of 11*v**4/6 - 2*v**3/3 - 13*v**2/2 - 13*v. Is o(9) a prime number?
True
Let x(i) = -2*i**2 - 18*i + 102. Let b be x(18). Suppose 0 = 2*d - p + 5, -3*d - 3*p = -4*p + 6. Is b/(-8) - d/4 a prime number?
True
Suppose -3*k = -2*c + 14, 0 = -5*c - k + 4*k + 26. Let p(u) = 27*u**3 - 4*u**2 - 4*u + 9. Is p(c) a composite number?
False
Let k be (-2624)/(-6) - 2/(-3). Let c = k + -644. Is 1*(-12)/8*c a prime number?
False
Let x be 3/(-1) - (-42)/14. Suppose -2*p = -0*g - g - 440, g + 2 = x. Suppose -p = -3*w - a, 2*w - 5*w = 5*a - 207. Is w prime?
False
Is 0 + 65/5*757 prime?
False
Suppose 0 = -2*d + 13 - 5, -i + 4*d = -1331. Let n = i + -298. Is n a prime number?
True
Let o(h) = 11 + 7*h + 4*h - 12*h. Let d be o(8). Suppose d*x + 2*n = -3*n + 122, n - 142 = -3*x. Is x a prime number?
False
Let y(v) = 50207*v**2 + 75*v + 75. Is y(-1) a composite number?
False
Suppose -w = d + 3*d + 49, 0 = 3*d + 5*w + 58. Let c(i) = -20*i + 17. Is c(d) prime?
False
Let g = 37891 - 21242. Is g composite?
False
Is (-12269)/(-9) - (-5)/(585/(-26)) a prime number?
False
Let d(i) = i**3 - 2*i**2. Let x be d(-2). Let r(f) = -104*f - 27. Is r(x) a prime number?
True
Suppose -5*h + 0*h = -380. Suppose -5*a + 96 = i - h, -2*i - 4*a = -362. Is i composite?
True
Let x = 30 - 20. Let l(p) = 3*p**3 - 2*p**2 + 14*p - 1. Is l(x) prime?
True
Let l be (-6)/(-18) + 6/9. Is (-3789 - -2)*l*3/(-3) composite?
True
Let m = -2 + 4. Let c(b) be the second derivative of 43*b**3/2 - b**2/2 + 7*b. Is c(m) composite?
False
Let x(d) = 16*d**2 + 2*d - 1. Let q = 50 + -52. Is x(q) composite?
False
Let o(w) = -10*w**2 + 4*w + 2. Let y be o(-1). Let x(i) = 3*i**2 + 9*i - 13. Is x(y) prime?
True
Let r = -9 - -11. Let g(b) = -b**3 + 2*b**2 + b + 1. Let v be g(r). Suppose 3*z = -v*h + 5*h - 425, -4*h - 3*z + 841 = 0. Is h composite?
False
Let r = 113378 + -37635. Is r a composite number?
False
Let t(l) = 9461*l**3 - 2*l**2 + 2*l. Is t(1) prime?
True
Is -4 + 2059 + (-4 - -2) a composite number?
False
Suppose 4*a = 2*u + 197 + 845, 4*u = -a - 2129. Let k = 27 - 335. Let g = k - u. Is g a composite number?
False
Let q(o) = -6*o**3 + o**2 - 2*o - 6. Let d(j) = 7*j**3 - 2*j**2 + 2*j + 7. Let a(y) = -5*d(y) - 6*q(y). Let g be a(-3). Suppose -g*r + 1345 = r. Is r composite?
False
Let v = 185 - 988. Let w = 50 - v. Is w a prime number?
True
Suppose -2*t + 4*j + 163 = 7*j, 5*j = 5*t - 445. Is t composite?
True
Suppose 0 = -i - 1, 2*c - i + 850 = 7825. Is c composite?
True
Let n(s) = -3*s**3 - 2*s**2 + 2*s - 8. Let z(f) = -2*f**3 - f**2 + 2*f - 7. Suppose 3*j + 6 = 15. Let w(l) = j*n(l) - 4*z(l). Is w(-5) prime?
True
Suppose 5*i + 4*d = 166939, 10*i - 7*i = 4*d + 100189. Is i a prime number?
True
Let h(l) = 40*l**2 - 3 + 9*l - 6*l - 102*l**2. Let x(n) = -n**2 - n + 1. Let y(s) = -h(s) - 4*x(s). Is y(2) composite?
True
Suppose 0 = -2*z + 3*g - 11 + 30, 4*z + 7 = -3*g. Suppose -z*k + 7*k = 4765. Is k prime?
True
Let i be 2/((-1)/2 + 1). Suppose i = 4*l + m, l + 6 = 5*m + 28. Suppose -673 = -5*f + 2*j + l*j, j = -2. Is f prime?
False
Let u = -5058 - -10040. Suppose 5*k - 6245 = -5*c, 0 = -c + 5*c - 3*k - u. Is c composite?
True
Suppose 0 = 3*d + 5*i + 4, i + i = 2*d - 8. Suppose k - 2*k = -2. Suppose -h = -d*l - 307, h + 3*l + 311 = k*h. Is h prime?
False
Let f be 1*-213*1/(-1). Suppose -h - f = -t, 3*t - 4*t + 203 = 4*h. Is t composite?
False
Let a be (0 - -1 - 1)/(-2). Let k = a - -5. Suppose k*q = 212 - 27. Is q a composite number?
False
Let s = -6662 - -11683. Is s composite?
False
Suppose 0 = 5*v - 2*k - 24, 5*v + k - 30 = 6*k. Suppose 3*h + v*m = -61, h + 2*m - m + 19 = 0. Let a(f) = f**3 + 19*f**2 - 3*f + 14. Is a(h) a prime number?
False
Let v(o) = -8*o**2 - o**3 - o**2 + 0*o**2. Let u be v(-9). Suppose -5*n + 2*y + 4190 = -n, u = 3*n - 5*y - 3132. Is n a composite number?
False
Is 1 + (10822/7 - -6) a composite number?
False
Is 87/(-783) - (-66440)/18 prime?
True
Is 5027451/104 - 2/(-16) a composite number?
False
Let x(r) = 12*r - 43*r - 21 + 1. Is x(-9) a composite number?
True
Suppose -5*q = -4*p - 56991, 2*q + 0*p = -3*p + 22801. Is q composite?
False
Suppose 65 = -2*p - 41. Suppose 5*x = -5*r + 580, -2*r - 4*x - 208 = -4*r. Let c = r + p. Is c a prime number?
True
Let n(w) be the third derivative of 29*w**4/4 - 11*w**3/6 - 19*w**2. Is n(4) composite?
True
Let c be (-6)/2 + 1 + 2. Suppose c*q = 3*q + 6312. Is (2/(-4))/(4/q) a prime number?
True
Let n = -2644 - -4553. Is n a prime number?
False
Let x(s) = s**2 + 21*s + 149. Is x(-29) composite?
True
Let d(r) = 13*r**2 + 5*r + 3. Is d(-4) a prime number?
True
Suppose -15*g - 4260 = -5*k - 16*g, 0 = -k - 5*g + 828. Is k a composite number?
False
Suppose -33*h + 30617 = -11590. Is h a prime number?
True
Let o = -172 - -18. Let g be o/(-10) - (-6)/(-15). Suppose h - g = 19. Is h a composite number?
True
Suppose 4*z + 18015 = 4*d - 2193, 3*d - 5*z = 15158. Is d a composite number?
False
Is (27119 - 8) + (6 - 16) composite?
True
Let c(i) = -i**2 + 6*i + 3. Let b(u) = -7*u - 2. Let j be 21/(-6) + (-3)/(-2). Let o(n) = j*b(n) - 3*c(n). Is o(-4) a prime number?
True
Suppose -2*q = 3*x - 0*x - 3, q + 2 = -5*x. Is 1255 + 3 + (-9)/q a composite number?
True
Let v = 3297 - 574. Is v prime?
False
Suppose -10 - 85 = -5*t - 5*u, -5*u = -20. Let w be (-6)/t + 6/15. Suppose 2*g + 2*g - 476 = w. Is g composite?
True
Let i be 0 + -2 + 2 + -6. Let g be (0 - 2)*33/i. Suppose g*j = 10*j + 1211. Is j a composite number?
True
Suppose 0 = -b - b - f - 374, -3*b = 5*f + 575. Let r be (-2)/3 + 776/(-6). Let z = r - b. Is z a prime number?
False
Suppose 4*i - 6*i - 4*q = -23174, 5*q - 20 = 0. Is i composite?
False
Suppose -18 = j - 2*k + 4*k, 4*j - 4*k + 120 = 0. Let u = 28 + j. Suppose 2*w - 7*w - 2914 = -3*v, -u*v + 1948 = 2*w. Is v prime?
False
Suppose 0 = 5*g - 3*i - 1092 - 458, -3*g + i = -926. Is g composite?
False
Let a = 286 - 95. Is (a/3)/(-6*3/(-54)) a composite number?
False
Let b be -8*8/4*-2. Suppose 766 + b = 6*w. Is w composite?
True
Suppose 3*b = v + 7, 4*v = 2*b + 3*v - 5. Suppose 0 = -b*a + 3*g - 14, -35 = 2*a + 3*a - 4*g. Is (-12)/(-42) + (-1097)/a prime?
True
Suppose 0 = -j - 2816 + 36363. Is j prime?
True
Let p(c) = -585*c - 89. Is p(-4) composite?
False
Let k(o) be the first derivative of o**4/4 - 3*o**3 + 2*o**2 + 31*o - 28. Is k(17) composite?
False
Let o(f) = -33*f - 223. Let x be o(-6). Let h be (-66)/14 - 2/7. Is (-930)/x + 1/h prime?
True
Let g(v) = -2336*v + 53. Is g(-18) prime?
True
Is (0/(-2) + -1)*(-19 - 6588) prime?
True
Suppose -5 = -3*s + 13. Let d be 2/s - (-46)/6. Suppose 5*m - d*m = -21. Is m composite?
False
Is ((-61510)/3)/((-32)/(-24) - 2) prime?
False
Let i = -1163 - -3066. Is i composite?
True
Is ((-6170)/(-3))/((-32)/(-48)) composite?
True
Suppose 0 = 3*g + 4*j - 3*j - 206, -4*g - j = -273. Suppose 0 = 3*o + 6, -3*c - 3*o = g + 311. Is (c/(-6))/((-2)/(-3)) prime?
True
Let p(d) = -2234*d - 543. Is p(-13) prime?
True
Let w = -23 + 30. Suppose -3*v + w*v = 348. Is v a composite number?
True
Let c be 5595/25 - (1 - (-6)/(-5)). Suppose -c = 4*f - 1028. Is f a composite number?
True
Let n be 1/(4*2/40). Suppose 3*j = n*b + 1999, 3*j - 3*b + 2*b = 2015. Is j a prime number?
True
Let n(k) = 240*k + 27. Is n(5) a composite number?
True
Is ((-13)/((-195)/(-1310)))/((-1)/3) composite?
True
Suppose 8*o - 2875 - 2789 = 0. Is o/(2 - -2)*(2 + -1) composite?
True
Let z = -3 + 5. Suppose 4*p + 36 = 2*j, -2*j - 3*j + z*p = -90. Is (-4)/j + 21516/108 prime?
True
Suppose -2511 = -9*d + 8*d + 3*k, 5*d + 3*k = 12591. Suppose 0 = 7*r - 4*r - d. Is r a prime number?
True
Let m(r) = 712*r + 4. Let t be m(-3). Let o = -1033 - t. Is o a composite number?
True
Suppose 60*a - 76*a = -91568. Is a composite?
True
Suppose 0 = -3*c - 0*j + 2*j + 5623, -4*j - 20 = 0. Is c a pri